f 46861371?
4
What is the units digit of 138157044?
4
What is the hundred millions digit of 460797465?
4
What is the thousands digit of 85782583?
2
What is the hundred thousands digit of 55296709?
2
What is the thousands digit of 4225302980?
2
What is the billions digit of 3617489338?
3
What is the thousands digit of 4592272919?
2
What is the millions digit of 21441343?
1
What is the millions digit of 8008918365?
8
What is the ten millions digit of 58518677?
5
What is the ten thousands digit of 82955909?
5
What is the hundred millions digit of 161918770?
1
What is the hundred thousands digit of 1415793181?
7
What is the ten thousands digit of 29413131?
1
What is the millions digit of 3170257967?
0
What is the thousands digit of 42992727?
2
What is the ten thousands digit of 40414444?
1
What is the hundred thousands digit of 38725619?
7
What is the hundred thousands digit of 207027610?
0
What is the hundred thousands digit of 74412437?
4
What is the hundred thousands digit of 142810686?
8
What is the ten thousands digit of 66564640?
6
What is the units digit of 5412117753?
3
What is the units digit of 926319135?
5
What is the thousands digit of 4586361701?
1
What is the ten thousands digit of 32216562?
1
What is the thousands digit of 134467309?
7
What is the hundreds digit of 85890695?
6
What is the units digit of 1290003971?
1
What is the millions digit of 1635609868?
5
What is the hundreds digit of 930758875?
8
What is the tens digit of 232519737?
3
What is the ten thousands digit of 625857540?
5
What is the hundred millions digit of 358110919?
3
What is the hundred thousands digit of 6435077?
4
What is the hundred millions digit of 623437772?
6
What is the units digit of 1307719?
9
What is the millions digit of 597612338?
7
What is the tens digit of 119151346?
4
What is the ten millions digit of 80725380?
8
What is the ten thousands digit of 47342263?
4
What is the units digit of 382429376?
6
What is the hundred thousands digit of 9039619?
0
What is the thousands digit of 997343525?
3
What is the hundred thousands digit of 112761239?
7
What is the ten thousands digit of 57307032?
0
What is the hundreds digit of 8503171108?
1
What is the units digit of 673673276?
6
What is the hundred thousands digit of 2078489980?
4
What is the ten thousands digit of 2454331339?
3
What is the thousands digit of 4094616157?
6
What is the ten thousands digit of 2636017591?
1
What is the units digit of 78109012?
2
What is the ten millions digit of 77646108?
7
What is the tens digit of 84735882?
8
What is the units digit of 184412347?
7
What is the millions digit of 14698985?
4
What is the ten thousands digit of 1290899414?
9
What is the units digit of 4815709963?
3
What is the thousands digit of 3591786299?
6
What is the tens digit of 6098556?
5
What is the hundreds digit of 287948356?
3
What is the millions digit of 2671310447?
1
What is the hundred millions digit of 318835783?
3
What is the units digit of 918535814?
4
What is the millions digit of 101328042?
1
What is the tens digit of 5397832365?
6
What is the tens digit of 2933839303?
0
What is the tens digit of 4858947229?
2
What is the ten thousands digit of 90082175?
8
What is the billions digit of 1352481704?
1
What is the units digit of 734995861?
1
What is the billions digit of 4137908703?
4
What is the units digit of 58016122?
2
What is the hundreds digit of 252222542?
5
What is the hundreds digit of 1365812591?
5
What is the hundred millions digit of 429497553?
4
What is the ten thousands digit of 898424992?
2
What is the ten millions digit of 1378915698?
7
What is the millions digit of 167818659?
7
What is the tens digit of 462808080?
8
What is the hundreds digit of 29976291?
2
What is the units digit of 80161840?
0
What is the hundreds digit of 999973585?
5
What is the hundreds digit of 65604713?
7
What is the hundred thousands digit of 6343071267?
0
What is the billions digit of 1495142456?
1
What is the units digit of 154289258?
8
What is the units digit of 47213565?
5
What is the hundreds digit of 4923460738?
7
What is the hundred thousands digit of 96961409?
9
What is the hundreds digit of 187856860?
8
What is the units digit of 48912094?
4
What is the thousands digit of 119067919?
7
What is the hundred millions digit of 469691375?
4
What is the millions digit of 1988763392?
8
What is the tens digit of 4083552735?
3
What is the units digit of 7919447?
7
What is the hundreds digit of 36841538?
5
What is the ten thousands digit of 8204450246?
5
What is the ten millions digit of 86706973?
8
What is the ten millions digit of 4219330856?
1
What is the hundreds digit of 37572108?
1
What is the tens digit of 288470274?
7
What is the thousands digit of 15078466?
8
What is the ten thousands digit of 22041384?
4
What is the hundred thousands digit of 221578777?
5
What is the billions digit of 2434898690?
2
What is the hundreds digit of 81733724?
7
What is the thousands digit of 4633645?
3
What is the units digit of 424252198?
8
What is the millions digit of 58207969?
8
What is the units digit of 438434582?
2
What is the ten thousands digit of 3214848339?
4
What is the units digit of 170463464?
4
What is the billions digit of 2289502659?
2
What is the units digit of 93257387?
7
What is the hundreds digit of 1077675049?
0
What is the millions digit of 1153857514?
3
What is the ten thousands digit of 43391674?
9
What is the tens digit of 231404941?
4
What is the hundred thousands digit of 1129760271?
7
What is the millions digit of 1248578116?
8
What is the thousands digit of 127590718?
0
What is the thousands digit of 1932177889?
7
What is the millions digit of 107684596?
7
What is the tens digit of 564087593?
9
What is the hundreds digit of 28715784?
7
What is the hundred thousands digit of 1657655139?
6
What is the billions digit of 3392702864?
3
What is the thousands digit of 6133216527?
6
What is the units digit of 1183094682?
2
What is the thousands digit of 2864985486?
5
What is the tens digit of 92651708?
0
What is the units digit of 1377535077?
7
What is the tens digit of 232433491?
9
What is the ten millions digit of 2547001876?
4
What is the hundred thousands digit of 162013759?
0
What is the millions digit of 2793202736?
3
What is the ten millions digit of 524407841?
2
What is the ten thousands digit of 6008202?
0
What is the billions digit of 2206824016?
2
What is the ten millions digit of 137760804?
3
What is the millions digit of 3391017735?
1
What is the thousands digit of 33827927?
7
What is the tens digit of 747812639?
3
What is the hundred millions digit of 1180810824?
1
What is the millions digit of 5156762295?
6
What is the ten thousands digit of 75867397?
6
What is the ten millions digit of 259052727?
5
What is the millions digit of 191795745?
1
What is the hundreds digit of 40062031?
0
What is the hundreds digit of 27099836?
8
What is the thousands digit of 1841893311?
3
What is the hundreds digit of 1117142879?
8
What is the hundreds digit of 1927372906?
9
What is the thousands digit of 884987141?
7
What is the units digit of 3134502517?
7
What is the units digit of 1531690969?
9
What is the ten millions digit of 2119152201?
1
What is the hundreds digit of 44142845?
8
What is the ten millions digit of 3082843773?
8
What is the thousands digit of 341354857?
4
What is the thousands digit of 51318711?
8
What is the units digit of 447360811?
1
What is the tens digit of 841142458?
5
What is the ten millions digit of 26400838?
2
What is the hundred millions digit of 4505759576?
5
What is the hundred thousands digit of 53454341?
4
What is the millions digit of 186583380?
6
What is the hundred thousands digit of 515555?
5
What is the hundreds digit of 2306700551?
5
What is the thousands digit of 133576035?
6
What is the hundred thousands digit of 1315527908?
5
What is the millions digit of 2500859637?
0
What is the hundred thousands digit of 7338902039?
9
What is the millions digit of 61820379?
1
What is the units digit of 401697316?
6
What is the thousands digit of 67330802?
0
What is the ten thousands digit of 41481109?
8
What is the ten millions digit of 4450816202?
5
What is the units digit of 77997341?
1
What is the billions digit of 2546993564?
2
What is the thousands digit of 4